mainder when 2106 is divided by 57.
54
Calculate the remainder when 5019 is divided by 37.
24
Calculate the remainder when 11740 is divided by 2930.
20
Calculate the remainder when 16698 is divided by 574.
52
What is the remainder when 14765 is divided by 2428?
197
Calculate the remainder when 250 is divided by 206.
44
What is the remainder when 14331 is divided by 1791?
3
Calculate the remainder when 49035 is divided by 164.
163
Calculate the remainder when 266382 is divided by 133189.
4
What is the remainder when 2959 is divided by 831?
466
What is the remainder when 154782 is divided by 51577?
51
What is the remainder when 1511 is divided by 884?
627
What is the remainder when 477935 is divided by 231?
227
Calculate the remainder when 9975 is divided by 501.
456
What is the remainder when 1471 is divided by 1413?
58
What is the remainder when 31350 is divided by 195?
150
Calculate the remainder when 106973 is divided by 172.
161
Calculate the remainder when 103531 is divided by 34499.
34
Calculate the remainder when 177137 is divided by 93.
65
What is the remainder when 70830 is divided by 7?
4
What is the remainder when 85455 is divided by 112?
111
What is the remainder when 326229 is divided by 53?
14
What is the remainder when 14378 is divided by 514?
500
Calculate the remainder when 4508 is divided by 228.
176
Calculate the remainder when 2406 is divided by 4.
2
Calculate the remainder when 1187 is divided by 546.
95
Calculate the remainder when 7177 is divided by 3587.
3
Calculate the remainder when 10757 is divided by 1532.
33
What is the remainder when 1275 is divided by 1260?
15
Calculate the remainder when 8097 is divided by 108.
105
What is the remainder when 1448 is divided by 236?
32
Calculate the remainder when 161525 is divided by 318.
299
Calculate the remainder when 10207 is divided by 141.
55
Calculate the remainder when 541367 is divided by 59.
42
Calculate the remainder when 26185 is divided by 29.
27
What is the remainder when 9144 is divided by 44?
36
Calculate the remainder when 328166 is divided by 15.
11
Calculate the remainder when 489 is divided by 383.
106
Calculate the remainder when 24246 is divided by 4849.
1
Calculate the remainder when 62049 is divided by 3877.
17
Calculate the remainder when 10462 is divided by 5.
2
What is the remainder when 3899 is divided by 1790?
319
Calculate the remainder when 1986 is divided by 462.
138
What is the remainder when 670757 is divided by 41?
38
What is the remainder when 57245 is divided by 50?
45
Calculate the remainder when 32292 is divided by 363.
348
Calculate the remainder when 11437 is divided by 15.
7
Calculate the remainder when 122917 is divided by 2410.
7
Calculate the remainder when 76439 is divided by 550.
539
Calculate the remainder when 23925 is divided by 68.
57
What is the remainder when 2510 is divided by 2378?
132
Calculate the remainder when 2174 is divided by 640.
254
Calculate the remainder when 20117 is divided by 39.
32
Calculate the remainder when 189791 is divided by 4038.
5
What is the remainder when 133174 is divided by 33285?
34
What is the remainder when 24194 is divided by 2687?
11
What is the remainder when 3132 is divided by 781?
8
What is the remainder when 28188 is divided by 260?
108
What is the remainder when 146828 is divided by 43?
26
Calculate the remainder when 2085 is divided by 235.
205
What is the remainder when 2285 is divided by 16?
13
Calculate the remainder when 3453 is divided by 21.
9
What is the remainder when 9717 is divided by 482?
77
Calculate the remainder when 967116 is divided by 560.
556
What is the remainder when 249 is divided by 212?
37
What is the remainder when 20132 is divided by 1118?
8
What is the remainder when 9217 is divided by 315?
82
What is the remainder when 82601 is divided by 137?
127
What is the remainder when 120 is divided by 32?
24
Calculate the remainder when 5652 is divided by 2824.
4
What is the remainder when 227361 is divided by 227350?
11
Calculate the remainder when 5537 is divided by 920.
17
Calculate the remainder when 238 is divided by 87.
64
Calculate the remainder when 5753 is divided by 72.
65
What is the remainder when 38411 is divided by 120?
11
Calculate the remainder when 660472 is divided by 20014.
10
What is the remainder when 2449 is divided by 347?
20
What is the remainder when 198385 is divided by 25?
10
Calculate the remainder when 42262 is divided by 140.
122
What is the remainder when 1313965 is divided by 31?
30
What is the remainder when 33 is divided by 25?
8
Calculate the remainder when 59787 is divided by 26.
13
Calculate the remainder when 3201526 is divided by 33.
31
Calculate the remainder when 13094 is divided by 44.
26
What is the remainder when 270193 is divided by 16?
1
Calculate the remainder when 65514 is divided by 47.
43
What is the remainder when 1020 is divided by 337?
9
Calculate the remainder when 261230 is divided by 19.
18
Calculate the remainder when 46501 is divided by 15492.
25
What is the remainder when 2682 is divided by 87?
72
Calculate the remainder when 84443 is divided by 31.
30
What is the remainder when 239865 is divided by 79955?
0
What is the remainder when 1997 is divided by 1976?
21
What is the remainder when 967 is divided by 370?
227
What is the remainder when 112281 is divided by 17?
13
Calculate the remainder when 11365 is divided by 265.
235
Calculate the remainder when 45636 is divided by 3.
0
Calculate the remainder when 1680 is divided by 534.
78
What is the remainder when 411791 is divided by 552?
551
What is the remainder when 124332 is divided by 89?
88
Calculate the remainder when 11613 is divided by 71.
40
What is the remainder when 44412 is divided by 339?
3
What is the remainder when 380762 is divided by 2004?
2
What is the remainder when 3968 is divided by 1312?
32
What is the remainder when 2989 is divided by 338?
285
What is the remainder when 11058 is divided by 582?
0
Calculate the remainder when 44491 is divided by 40.
11
What is the remainder when 388670 is divided by 1633?
16
Calculate the remainder when 244130 is divided by 28.
26
What is the remainder when 433 is divided by 206?
21
Calculate the remainder when 465757 is divided by 710.
707
What is the remainder when 4405 is divided by 65?
50
What is the remainder when 3588 is divided by 449?
445
What is the remainder when 3014 is divided by 36?
26
What is the remainder when 1308 is divided by 1192?
116
Calculate the remainder when 1460 is divided by 1285.
175
Calculate the remainder when 613713 is divided by 134.
127
Calculate the remainder when 2079 is divided by 370.
229
Calculate the remainder when 46269 is divided by 23131.
7
What is the remainder when 6119 is divided by 219?
206
What is the remainder when 164425 is divided by 122?
91
What is the remainder when 388512 is divided by 88?
80
Calculate the remainder when 8926 is divided by 14.
8
Calculate the remainder when 74676 is divided by 37333.
10
Calculate the remainder when 2028 is divided by 401.
23
What is the remainder when 1592118 is divided by 201?
198
Calculate the remainder when 15953 is divided by 1593.
23
What is the remainder when 656 is divided by 41?
0
Calculate the remainder when 128095 is divided by 244.
239
Calculate the remainder when 6042 is divided by 1004.
18
Calculate the remainder when 6588 is divided by 3256.
76
What is the remainder when 119989 is divided by 212?
209
Calculate the remainder when 10669 is divided by 10466.
203
What is the remainder when 2564 is divided by 183?
2
Calculate the remainder when 6039107 is divided by 681.
680
What is the remainder when 361993 is divided by 714?
709
Calculate the remainder when 411 is divided by 303.
108
What is the remainder when 465101 is divided by 255?
236
Calculate the remainder when 3483 is divided by 1096.
195
What is the remainder when 682 is divided by 237?
208
What is the remainder when 13230 is divided by 191?
51
Calculate the remainder when 4650 is divided by 2225.
200
What is the remainder when 1199 is divided by 886?
313
Calculate the remainder when 3484 is divided by 153.
118
Calculate the remainder when 37741 is divided by 4193.
4
What is the remainder when 28326 is divided by 7073?
34
What is the remainder when 255